{"id":2420,"date":"2020-03-17T20:44:38","date_gmt":"2020-03-17T19:44:38","guid":{"rendered":"http:\/\/przedszkole182-krakow.edu.pl\/?page_id=2420"},"modified":"2023-06-05T20:23:39","modified_gmt":"2023-06-05T18:23:39","slug":"rodo","status":"publish","type":"page","link":"https:\/\/przedszkole182-krakow.edu.pl\/?page_id=2420","title":{"rendered":"RODO"},"content":{"rendered":"\n<p class=\"has-very-light-gray-color has-vivid-red-background-color has-text-color has-background has-medium-font-size\"><strong>INFORMACJA ADMINISTRATORA O PRZETWARZANIU DANYCH OSOBOWYCH<\/strong><\/p>\n\n\n\n<p><strong>INFORMACJA ADMINISTRATORA O PRZETWARZANIU DANYCH OSOBOWYCH<\/strong><\/p>\n\n\n\n<p>Administratorem danych osobowych jest Samorz\u0105dowe Przedszkole Nr 182 z Oddzia\u0142ami integracyjnymi&nbsp;&nbsp; PRZY \u0179R\u00d3DE\u0141KU&nbsp; z &nbsp;siedzib\u0105 &nbsp;os. &nbsp;Dywizjonu 303 &nbsp;b. 12, 31 \u2013 872&nbsp; Krak\u00f3w,<\/p>\n\n\n\n<p>tel. 12&nbsp;648 22 00.<\/p>\n\n\n\n<p>Dane osobowe b\u0119d\u0105 przetwarzane przez nas w celu realizacji us\u0142ug \u015bwiadczonych przez nasz\u0105 plac\u00f3wk\u0119.<\/p>\n\n\n\n<p>Informujemy, \u017ce:<\/p>\n\n\n\n<ol class=\"wp-block-list\" type=\"1\"><li>Masz prawo do \u017c\u0105dania od administratora dost\u0119pu do Twoich danych osobowych, ich sprostowania, ograniczenia przetwarzania oraz&nbsp;prawo do przenoszenia danych. Je\u017celi przetwarzanie danych odbywa si\u0119 wy\u0142\u0105cznie na podstawie Twojej zgody to masz prawo w dowolnym momencie wycofa\u0107 udzielon\u0105 zgod\u0119, przy czym jej wycofanie nie wp\u0142ywa na zgodno\u015b\u0107 z prawem przetwarzania, kt\u00f3rego dokonano na podstawie tej\u017ce zgody przed jej wycofaniem<\/li><li>Dane osobowe b\u0119d\u0105 przechowywane przez okres wynikaj\u0105cy z przepis\u00f3w prawa, w szczeg\u00f3lno\u015bci ustawy z dnia 14 lipca 1983 r. o narodowym zasobie archiwalnym i archiwach oraz rozporz\u0105dzenia Prezesa Rady Ministr\u00f3w z dnia 18 stycznia 2011 r. w sprawie instrukcji kancelaryjnej, jednolitych rzeczowych wykaz\u00f3w akt oraz instrukcji w sprawie organizacji i zakresu dzia\u0142ania archiw\u00f3w zak\u0142adowych. W przypadku gdy przepisy prawa nie okre\u015blaj\u0105 okresu przechowywania dotycz\u0105cego konkretnej kategorii spraw \u2013 dane b\u0119d\u0105 przechowane przez czas potrzebny do realizacji celu, w kt\u00f3rym zosta\u0142y zebrane.<\/li><li>Masz prawo do wniesienia skargi do organu nadzorczego, kt\u00f3rym jest Prezes Urz\u0119du Ochrony Danych Osobowych z siedzib\u0105 ul. Stawki 2, 00-193 Warszawa.<\/li><li>Podanie danych osobowych wymaganych przepisami prawa jest warunkiem realizacji us\u0142ug \u015bwiadczonych przez nasz\u0105 jednostk\u0119.<\/li><li>Konsekwencj\u0105 niepodania danych wymaganych przepisami prawa jest brak mo\u017cliwo\u015bci \u015bwiadczenia przez nas&nbsp;us\u0142ug.<\/li><li>Twoje dane osobowe<strong> b\u0119d\u0105 przetwarzane na&nbsp;podstawie przepis\u00f3w prawa, a w szczeg\u00f3lnych przypadkach &#8211;&nbsp;na podstawie Twojej zgody albo w zwi\u0105zku z wykonywaniem umowy, kt\u00f3rej jeste\u015b stron\u0105, <\/strong>w zwi\u0105zku z art.6 ust. 1 rozporz\u0105dzenia Parlamentu Europejskiego i Rady (UE) 2016\/679 z dnia 27 kwietnia 2016 r. w sprawie ochrony os\u00f3b fizycznych w zwi\u0105zku z przetwarzaniem danych osobowych i w sprawie swobodnego przep\u0142ywu takich danych oraz uchylenia dyrektywy 95\/46\/WE (RODO).<\/li><\/ol>\n\n\n\n<p>Dane kontaktowe Inspektora Ochrony Danych: e-mail: inspektor6mjo.krakow.pl<\/p>\n\n\n\n<p>Niniejsza informacja ma charakter og\u00f3lny. Szczeg\u00f3\u0142owa informacja dotycz\u0105ca przetwarzania danych osobowych oraz przys\u0142uguj\u0105cych w zwi\u0105zku z tym praw, stanowi\u0105ca realizacj\u0119 obowi\u0105zku informacyjnego administratora, o kt\u00f3rym mowa w art. 13 ust. 1 i&nbsp;2 RODO, zostanie Pa\u0144stwu przekazana ka\u017cdorazowo w zwi\u0105zku z za\u0142atwieniem konkretnej sprawy.<\/p>\n","protected":false},"excerpt":{"rendered":"<p>INFORMACJA ADMINISTRATORA O PRZETWARZANIU DANYCH OSOBOWYCH INFORMACJA ADMINISTRATORA O PRZETWARZANIU DANYCH OSOBOWYCH Administratorem danych osobowych jest Samorz\u0105dowe Przedszkole Nr 182 z Oddzia\u0142ami integracyjnymi&nbsp;&nbsp; PRZY \u0179R\u00d3DE\u0141KU&nbsp; z &nbsp;siedzib\u0105 &nbsp;os. &nbsp;Dywizjonu 303 &nbsp;b. 12, 31 \u2013 872&nbsp; Krak\u00f3w, tel. 12&nbsp;648 22 00. Dane osobowe b\u0119d\u0105 przetwarzane przez nas w celu realizacji us\u0142ug \u015bwiadczonych przez nasz\u0105 plac\u00f3wk\u0119. Informujemy, [&hellip;]<\/p>\n","protected":false},"author":3,"featured_media":0,"parent":0,"menu_order":0,"comment_status":"closed","ping_status":"closed","template":"","meta":{"footnotes":""},"class_list":["post-2420","page","type-page","status-publish","hentry"],"_links":{"self":[{"href":"https:\/\/przedszkole182-krakow.edu.pl\/index.php?rest_route=\/wp\/v2\/pages\/2420","targetHints":{"allow":["GET"]}}],"collection":[{"href":"https:\/\/przedszkole182-krakow.edu.pl\/index.php?rest_route=\/wp\/v2\/pages"}],"about":[{"href":"https:\/\/przedszkole182-krakow.edu.pl\/index.php?rest_route=\/wp\/v2\/types\/page"}],"author":[{"embeddable":true,"href":"https:\/\/przedszkole182-krakow.edu.pl\/index.php?rest_route=\/wp\/v2\/users\/3"}],"replies":[{"embeddable":true,"href":"https:\/\/przedszkole182-krakow.edu.pl\/index.php?rest_route=%2Fwp%2Fv2%2Fcomments&post=2420"}],"version-history":[{"count":3,"href":"https:\/\/przedszkole182-krakow.edu.pl\/index.php?rest_route=\/wp\/v2\/pages\/2420\/revisions"}],"predecessor-version":[{"id":7044,"href":"https:\/\/przedszkole182-krakow.edu.pl\/index.php?rest_route=\/wp\/v2\/pages\/2420\/revisions\/7044"}],"wp:attachment":[{"href":"https:\/\/przedszkole182-krakow.edu.pl\/index.php?rest_route=%2Fwp%2Fv2%2Fmedia&parent=2420"}],"curies":[{"name":"wp","href":"https:\/\/api.w.org\/{rel}","templated":true}]}}

<p class="has-very-light-gray-color has-vivid-red-background-color has-text-color has-background has-medium-font-size"><strong>INFORMACJA ADMINISTRATORA O PRZETWARZANIU DANYCH OSOBOWYCH</strong></p>



<p><strong>INFORMACJA ADMINISTRATORA O PRZETWARZANIU DANYCH OSOBOWYCH</strong></p>



<p>Administratorem danych osobowych jest Samorządowe Przedszkole Nr 182 z Oddziałami integracyjnymi&nbsp;&nbsp; PRZY ŹRÓDEŁKU&nbsp; z &nbsp;siedzibą &nbsp;os. &nbsp;Dywizjonu 303 &nbsp;b. 12, 31 – 872&nbsp; Kraków,</p>



<p>tel. 12&nbsp;648 22 00.</p>



<p>Dane osobowe będą przetwarzane przez nas w celu realizacji usług świadczonych przez naszą placówkę.</p>



<p>Informujemy, że:</p>



<ol class="wp-block-list" type="1"><li>Masz prawo do żądania od administratora dostępu do Twoich danych osobowych, ich sprostowania, ograniczenia przetwarzania oraz&nbsp;prawo do przenoszenia danych. Jeżeli przetwarzanie danych odbywa się wyłącznie na podstawie Twojej zgody to masz prawo w dowolnym momencie wycofać udzieloną zgodę, przy czym jej wycofanie nie wpływa na zgodność z prawem przetwarzania, którego dokonano na podstawie tejże zgody przed jej wycofaniem</li><li>Dane osobowe będą przechowywane przez okres wynikający z przepisów prawa, w szczególności ustawy z dnia 14 lipca 1983 r. o narodowym zasobie archiwalnym i archiwach oraz rozporządzenia Prezesa Rady Ministrów z dnia 18 stycznia 2011 r. w sprawie instrukcji kancelaryjnej, jednolitych rzeczowych wykazów akt oraz instrukcji w sprawie organizacji i zakresu działania archiwów zakładowych. W przypadku gdy przepisy prawa nie określają okresu przechowywania dotyczącego konkretnej kategorii spraw – dane będą przechowane przez czas potrzebny do realizacji celu, w którym zostały zebrane.</li><li>Masz prawo do wniesienia skargi do organu nadzorczego, którym jest Prezes Urzędu Ochrony Danych Osobowych z siedzibą ul. Stawki 2, 00-193 Warszawa.</li><li>Podanie danych osobowych wymaganych przepisami prawa jest warunkiem realizacji usług świadczonych przez naszą jednostkę.</li><li>Konsekwencją niepodania danych wymaganych przepisami prawa jest brak możliwości świadczenia przez nas&nbsp;usług.</li><li>Twoje dane osobowe<strong> będą przetwarzane na&nbsp;podstawie przepisów prawa, a w szczególnych przypadkach &#8211;&nbsp;na podstawie Twojej zgody albo w związku z wykonywaniem umowy, której jesteś stroną, </strong>w związku z art.6 ust. 1 rozporządzenia Parlamentu Europejskiego i Rady (UE) 2016/679 z dnia 27 kwietnia 2016 r. w sprawie ochrony osób fizycznych w związku z przetwarzaniem danych osobowych i w sprawie swobodnego przepływu takich danych oraz uchylenia dyrektywy 95/46/WE (RODO).</li></ol>



<p>Dane kontaktowe Inspektora Ochrony Danych: e-mail: inspektor6mjo.krakow.pl</p>



<p>Niniejsza informacja ma charakter ogólny. Szczegółowa informacja dotycząca przetwarzania danych osobowych oraz przysługujących w związku z tym praw, stanowiąca realizację obowiązku informacyjnego administratora, o którym mowa w art. 13 ust. 1 i&nbsp;2 RODO, zostanie Państwu przekazana każdorazowo w związku z załatwieniem konkretnej sprawy.</p>

<p>INFORMACJA ADMINISTRATORA O PRZETWARZANIU DANYCH OSOBOWYCH INFORMACJA ADMINISTRATORA O PRZETWARZANIU DANYCH OSOBOWYCH Administratorem danych osobowych jest Samorządowe Przedszkole Nr 182 z Oddziałami integracyjnymi&nbsp;&nbsp; PRZY ŹRÓDEŁKU&nbsp; z &nbsp;siedzibą &nbsp;os. &nbsp;Dywizjonu 303 &nbsp;b. 12, 31 – 872&nbsp; Kraków, tel. 12&nbsp;648 22 00. Dane osobowe będą przetwarzane przez nas w celu realizacji usług świadczonych przez naszą placówkę. Informujemy, [&hellip;]</p>
