{"id":39,"date":"2017-03-13T16:13:24","date_gmt":"2017-03-13T15:13:24","guid":{"rendered":"http:\/\/91.239.67.114\/?page_id=39"},"modified":"2026-04-09T16:37:55","modified_gmt":"2026-04-09T14:37:55","slug":"o-przedszkolu","status":"publish","type":"page","link":"https:\/\/przedszkole182-krakow.edu.pl\/?page_id=39","title":{"rendered":"O przedszkolu"},"content":{"rendered":"<h1><strong>Najwa\u017cniejsze informacje o naszej plac\u00f3wce:<\/strong><\/h1>\n<ul>\n<li>Przedszkole czynne jest od godziny <span style=\"color: #ff0000;\"><strong>6:00 do 17:30<\/strong>.<\/span><\/li>\n<li>Nasza plac\u00f3wka ma <span style=\"color: #ff0000;\"><strong>charakter integracyjny<\/strong><\/span>. Jeste\u015bmy otwarci na niepe\u0142nosprawno\u015b\u0107 dzieci.<\/li>\n<li>Przedszkole posiada aktualnie <span style=\"color: #ff0000;\"><strong>8 oddzia\u0142\u00f3w<\/strong><\/span>, w tym 5 oddzia\u0142\u00f3w integracyjnych.<\/li>\n<li>Posiadamy bardzo dobr\u0105 baz\u0119 lokalow\u0105: <span style=\"color: #ff0000;\"><strong>8 jasnych, przestrzennych, nowoczesnych sal<\/strong><\/span> do zabaw i zaj\u0119\u0107 wraz z \u0142azienkami.<\/li>\n<li>Dysponujemy dwiema du\u017cymi salami: <span style=\"color: #ff0000;\"><strong>rytmiczn\u0105 i gimnastyczn\u0105<\/strong><\/span> bogato wyposa\u017con\u0105 w urz\u0105dzenia do zaj\u0119\u0107 rehabilitacyjnych i terapii integracji sensorycznej.<\/li>\n<li>Plac\u00f3wka posiada r\u00f3wnie\u017c <span style=\"color: #ff0000;\"><strong>gabinet do zaj\u0119\u0107 logopedycznych<\/strong><\/span> z nowoczesnym sprz\u0119tem multimedialnym oraz<span style=\"color: #ff0000;\"><strong> 2 gabinety terapii do indywidualnych zaj\u0119\u0107 terapeutycznych<\/strong><\/span>\u00a0z dzieckiem.<\/li>\n<li>Zatrudniamy wykwalifikowan\u0105, dobrze przygotowan\u0105 <span style=\"color: #ff0000;\"><strong>kadr\u0119 pedagogiczn\u0105<\/strong><\/span> o wielokierunkowym wykszta\u0142ceniu: wychowanie przedszkolne, oligofrenopedagogika, psychologia, logopedia, neurologopedia, rehabilitacja, terapia SI<\/li>\n<li>Oferujemy r\u00f3wnie\u017c dobrze wyposa\u017cony, dostosowany do potrzeb i mo\u017cliwo\u015bci dzieci <strong><span style=\"color: #ff0000;\">ogr\u00f3d przedszkolny oraz patio<\/span><\/strong>.<\/li>\n<li><strong><span style=\"color: #ff0000;\">Koncepcja pracy Samorz\u0105dowego Przedszkola na 182<\/span><\/strong> &#8211; <a href=\"http:\/\/przedszkole182-krakow.edu.pl\/wp-content\/uploads\/2020\/03\/Koncepcja-pracy-Samorz\u0105dowego-Przedszkola-nr-182.docx\"><strong>pobierz za\u0142\u0105cznik<\/strong><\/a><\/li>\n<\/ul>\n<div id='gallery-1' class='gallery galleryid-39 gallery-columns-3 gallery-size-thumbnail'><figure class='gallery-item'>\n\t\t\t<div class='gallery-icon landscape'>\n\t\t\t\t<a href='https:\/\/przedszkole182-krakow.edu.pl\/?attachment_id=58'><img loading=\"lazy\" decoding=\"async\" width=\"150\" height=\"150\" src=\"https:\/\/przedszkole182-krakow.edu.pl\/wp-content\/uploads\/2017\/03\/P1100485-150x150.jpg\" class=\"attachment-thumbnail size-thumbnail\" alt=\"\" \/><\/a>\n\t\t\t<\/div><\/figure><figure class='gallery-item'>\n\t\t\t<div class='gallery-icon landscape'>\n\t\t\t\t<a href='https:\/\/przedszkole182-krakow.edu.pl\/?attachment_id=56'><img loading=\"lazy\" decoding=\"async\" width=\"150\" height=\"150\" src=\"https:\/\/przedszkole182-krakow.edu.pl\/wp-content\/uploads\/2017\/03\/DSCF1719-150x150.jpg\" class=\"attachment-thumbnail size-thumbnail\" alt=\"\" \/><\/a>\n\t\t\t<\/div><\/figure><figure class='gallery-item'>\n\t\t\t<div class='gallery-icon landscape'>\n\t\t\t\t<a href='https:\/\/przedszkole182-krakow.edu.pl\/?attachment_id=55'><img loading=\"lazy\" decoding=\"async\" width=\"150\" height=\"150\" src=\"https:\/\/przedszkole182-krakow.edu.pl\/wp-content\/uploads\/2017\/03\/DSCF1713-150x150.jpg\" class=\"attachment-thumbnail size-thumbnail\" alt=\"\" \/><\/a>\n\t\t\t<\/div><\/figure><figure class='gallery-item'>\n\t\t\t<div class='gallery-icon landscape'>\n\t\t\t\t<a href='https:\/\/przedszkole182-krakow.edu.pl\/?attachment_id=54'><img loading=\"lazy\" decoding=\"async\" width=\"150\" height=\"150\" src=\"https:\/\/przedszkole182-krakow.edu.pl\/wp-content\/uploads\/2017\/03\/DSCF1709-150x150.jpg\" class=\"attachment-thumbnail size-thumbnail\" alt=\"\" \/><\/a>\n\t\t\t<\/div><\/figure><figure class='gallery-item'>\n\t\t\t<div class='gallery-icon landscape'>\n\t\t\t\t<a href='https:\/\/przedszkole182-krakow.edu.pl\/?attachment_id=53'><img loading=\"lazy\" decoding=\"async\" width=\"150\" height=\"150\" src=\"https:\/\/przedszkole182-krakow.edu.pl\/wp-content\/uploads\/2017\/03\/DSCF1705-150x150.jpg\" class=\"attachment-thumbnail size-thumbnail\" alt=\"\" \/><\/a>\n\t\t\t<\/div><\/figure><figure class='gallery-item'>\n\t\t\t<div class='gallery-icon landscape'>\n\t\t\t\t<a href='https:\/\/przedszkole182-krakow.edu.pl\/?attachment_id=52'><img loading=\"lazy\" decoding=\"async\" width=\"150\" height=\"150\" src=\"https:\/\/przedszkole182-krakow.edu.pl\/wp-content\/uploads\/2017\/03\/DSCF1700-150x150.jpg\" class=\"attachment-thumbnail size-thumbnail\" alt=\"\" \/><\/a>\n\t\t\t<\/div><\/figure><figure class='gallery-item'>\n\t\t\t<div class='gallery-icon landscape'>\n\t\t\t\t<a href='https:\/\/przedszkole182-krakow.edu.pl\/?attachment_id=366'><img loading=\"lazy\" decoding=\"async\" width=\"150\" height=\"150\" src=\"https:\/\/przedszkole182-krakow.edu.pl\/wp-content\/uploads\/2017\/03\/pomieszczenia_19-150x150.jpg\" class=\"attachment-thumbnail size-thumbnail\" alt=\"\" \/><\/a>\n\t\t\t<\/div><\/figure><figure class='gallery-item'>\n\t\t\t<div class='gallery-icon landscape'>\n\t\t\t\t<a href='https:\/\/przedszkole182-krakow.edu.pl\/?attachment_id=367'><img loading=\"lazy\" decoding=\"async\" width=\"150\" height=\"150\" src=\"https:\/\/przedszkole182-krakow.edu.pl\/wp-content\/uploads\/2017\/03\/pomieszczenia_20-150x150.jpg\" class=\"attachment-thumbnail size-thumbnail\" alt=\"\" \/><\/a>\n\t\t\t<\/div><\/figure><figure class='gallery-item'>\n\t\t\t<div class='gallery-icon landscape'>\n\t\t\t\t<a href='https:\/\/przedszkole182-krakow.edu.pl\/?attachment_id=368'><img loading=\"lazy\" decoding=\"async\" width=\"150\" height=\"150\" src=\"https:\/\/przedszkole182-krakow.edu.pl\/wp-content\/uploads\/2017\/03\/pomieszczenia_54-150x150.jpg\" class=\"attachment-thumbnail size-thumbnail\" alt=\"\" \/><\/a>\n\t\t\t<\/div><\/figure>\n\t\t<\/div>\n\n\n\n<ul class=\"wp-block-list\">\n<li>Korzystamy z\u00a0 <strong>program\u00f3w wychowania przedszkolnego<\/strong> dopuszczonych przez dyrektora plac\u00f3wki do u\u017cytku.<\/li>\n<\/ul>\n\n\n\n<p><\/p>\n","protected":false},"excerpt":{"rendered":"<p>Najwa\u017cniejsze informacje o naszej plac\u00f3wce: Przedszkole czynne jest od godziny 6:00 do 17:30. Nasza plac\u00f3wka ma charakter integracyjny. Jeste\u015bmy otwarci na niepe\u0142nosprawno\u015b\u0107 dzieci. Przedszkole posiada aktualnie 8 oddzia\u0142\u00f3w, w tym 5 oddzia\u0142\u00f3w integracyjnych. Posiadamy bardzo dobr\u0105 baz\u0119 lokalow\u0105: 8 jasnych, przestrzennych, nowoczesnych sal do zabaw i zaj\u0119\u0107 wraz z \u0142azienkami. Dysponujemy dwiema du\u017cymi salami: rytmiczn\u0105 [&hellip;]<\/p>\n","protected":false},"author":1,"featured_media":0,"parent":0,"menu_order":0,"comment_status":"closed","ping_status":"closed","template":"","meta":{"footnotes":""},"class_list":["post-39","page","type-page","status-publish","hentry"],"_links":{"self":[{"href":"https:\/\/przedszkole182-krakow.edu.pl\/index.php?rest_route=\/wp\/v2\/pages\/39","targetHints":{"allow":["GET"]}}],"collection":[{"href":"https:\/\/przedszkole182-krakow.edu.pl\/index.php?rest_route=\/wp\/v2\/pages"}],"about":[{"href":"https:\/\/przedszkole182-krakow.edu.pl\/index.php?rest_route=\/wp\/v2\/types\/page"}],"author":[{"embeddable":true,"href":"https:\/\/przedszkole182-krakow.edu.pl\/index.php?rest_route=\/wp\/v2\/users\/1"}],"replies":[{"embeddable":true,"href":"https:\/\/przedszkole182-krakow.edu.pl\/index.php?rest_route=%2Fwp%2Fv2%2Fcomments&post=39"}],"version-history":[{"count":18,"href":"https:\/\/przedszkole182-krakow.edu.pl\/index.php?rest_route=\/wp\/v2\/pages\/39\/revisions"}],"predecessor-version":[{"id":12581,"href":"https:\/\/przedszkole182-krakow.edu.pl\/index.php?rest_route=\/wp\/v2\/pages\/39\/revisions\/12581"}],"wp:attachment":[{"href":"https:\/\/przedszkole182-krakow.edu.pl\/index.php?rest_route=%2Fwp%2Fv2%2Fmedia&parent=39"}],"curies":[{"name":"wp","href":"https:\/\/api.w.org\/{rel}","templated":true}]}}

<h1><strong>Najważniejsze informacje o naszej placówce:</strong></h1>
<ul>
<li>Przedszkole czynne jest od godziny <span style="color: #ff0000;"><strong>6:00 do 17:30</strong>.</span></li>
<li>Nasza placówka ma <span style="color: #ff0000;"><strong>charakter integracyjny</strong></span>. Jesteśmy otwarci na niepełnosprawność dzieci.</li>
<li>Przedszkole posiada aktualnie <span style="color: #ff0000;"><strong>8 oddziałów</strong></span>, w tym 5 oddziałów integracyjnych.</li>
<li>Posiadamy bardzo dobrą bazę lokalową: <span style="color: #ff0000;"><strong>8 jasnych, przestrzennych, nowoczesnych sal</strong></span> do zabaw i zajęć wraz z łazienkami.</li>
<li>Dysponujemy dwiema dużymi salami: <span style="color: #ff0000;"><strong>rytmiczną i gimnastyczną</strong></span> bogato wyposażoną w urządzenia do zajęć rehabilitacyjnych i terapii integracji sensorycznej.</li>
<li>Placówka posiada również <span style="color: #ff0000;"><strong>gabinet do zajęć logopedycznych</strong></span> z nowoczesnym sprzętem multimedialnym oraz<span style="color: #ff0000;"><strong> 2 gabinety terapii do indywidualnych zajęć terapeutycznych</strong></span> z dzieckiem.</li>
<li>Zatrudniamy wykwalifikowaną, dobrze przygotowaną <span style="color: #ff0000;"><strong>kadrę pedagogiczną</strong></span> o wielokierunkowym wykształceniu: wychowanie przedszkolne, oligofrenopedagogika, psychologia, logopedia, neurologopedia, rehabilitacja, terapia SI</li>
<li>Oferujemy również dobrze wyposażony, dostosowany do potrzeb i możliwości dzieci <strong><span style="color: #ff0000;">ogród przedszkolny oraz patio</span></strong>.</li>
<li><strong><span style="color: #ff0000;">Koncepcja pracy Samorządowego Przedszkola na 182</span></strong> &#8211; <a href="http://przedszkole182-krakow.edu.pl/wp-content/uploads/2020/03/Koncepcja-pracy-Samorządowego-Przedszkola-nr-182.docx"><strong>pobierz załącznik</strong></a></li>
</ul>
<div id='gallery-1' class='gallery galleryid-39 gallery-columns-3 gallery-size-thumbnail'><figure class='gallery-item'>
			<div class='gallery-icon landscape'>
				<a href='https://przedszkole182-krakow.edu.pl/?attachment_id=58'><img loading="lazy" decoding="async" width="150" height="150" src="https://przedszkole182-krakow.edu.pl/wp-content/uploads/2017/03/P1100485-150x150.jpg" class="attachment-thumbnail size-thumbnail" alt="" /></a>
			</div></figure><figure class='gallery-item'>
			<div class='gallery-icon landscape'>
				<a href='https://przedszkole182-krakow.edu.pl/?attachment_id=56'><img loading="lazy" decoding="async" width="150" height="150" src="https://przedszkole182-krakow.edu.pl/wp-content/uploads/2017/03/DSCF1719-150x150.jpg" class="attachment-thumbnail size-thumbnail" alt="" /></a>
			</div></figure><figure class='gallery-item'>
			<div class='gallery-icon landscape'>
				<a href='https://przedszkole182-krakow.edu.pl/?attachment_id=55'><img loading="lazy" decoding="async" width="150" height="150" src="https://przedszkole182-krakow.edu.pl/wp-content/uploads/2017/03/DSCF1713-150x150.jpg" class="attachment-thumbnail size-thumbnail" alt="" /></a>
			</div></figure><figure class='gallery-item'>
			<div class='gallery-icon landscape'>
				<a href='https://przedszkole182-krakow.edu.pl/?attachment_id=54'><img loading="lazy" decoding="async" width="150" height="150" src="https://przedszkole182-krakow.edu.pl/wp-content/uploads/2017/03/DSCF1709-150x150.jpg" class="attachment-thumbnail size-thumbnail" alt="" /></a>
			</div></figure><figure class='gallery-item'>
			<div class='gallery-icon landscape'>
				<a href='https://przedszkole182-krakow.edu.pl/?attachment_id=53'><img loading="lazy" decoding="async" width="150" height="150" src="https://przedszkole182-krakow.edu.pl/wp-content/uploads/2017/03/DSCF1705-150x150.jpg" class="attachment-thumbnail size-thumbnail" alt="" /></a>
			</div></figure><figure class='gallery-item'>
			<div class='gallery-icon landscape'>
				<a href='https://przedszkole182-krakow.edu.pl/?attachment_id=52'><img loading="lazy" decoding="async" width="150" height="150" src="https://przedszkole182-krakow.edu.pl/wp-content/uploads/2017/03/DSCF1700-150x150.jpg" class="attachment-thumbnail size-thumbnail" alt="" /></a>
			</div></figure><figure class='gallery-item'>
			<div class='gallery-icon landscape'>
				<a href='https://przedszkole182-krakow.edu.pl/?attachment_id=366'><img loading="lazy" decoding="async" width="150" height="150" src="https://przedszkole182-krakow.edu.pl/wp-content/uploads/2017/03/pomieszczenia_19-150x150.jpg" class="attachment-thumbnail size-thumbnail" alt="" /></a>
			</div></figure><figure class='gallery-item'>
			<div class='gallery-icon landscape'>
				<a href='https://przedszkole182-krakow.edu.pl/?attachment_id=367'><img loading="lazy" decoding="async" width="150" height="150" src="https://przedszkole182-krakow.edu.pl/wp-content/uploads/2017/03/pomieszczenia_20-150x150.jpg" class="attachment-thumbnail size-thumbnail" alt="" /></a>
			</div></figure><figure class='gallery-item'>
			<div class='gallery-icon landscape'>
				<a href='https://przedszkole182-krakow.edu.pl/?attachment_id=368'><img loading="lazy" decoding="async" width="150" height="150" src="https://przedszkole182-krakow.edu.pl/wp-content/uploads/2017/03/pomieszczenia_54-150x150.jpg" class="attachment-thumbnail size-thumbnail" alt="" /></a>
			</div></figure>
		</div>



<ul class="wp-block-list">
<li>Korzystamy z  <strong>programów wychowania przedszkolnego</strong> dopuszczonych przez dyrektora placówki do użytku.</li>
</ul>



<p></p>

<p>Najważniejsze informacje o naszej placówce: Przedszkole czynne jest od godziny 6:00 do 17:30. Nasza placówka ma charakter integracyjny. Jesteśmy otwarci na niepełnosprawność dzieci. Przedszkole posiada aktualnie 8 oddziałów, w tym 5 oddziałów integracyjnych. Posiadamy bardzo dobrą bazę lokalową: 8 jasnych, przestrzennych, nowoczesnych sal do zabaw i zajęć wraz z łazienkami. Dysponujemy dwiema dużymi salami: rytmiczną [&hellip;]</p>
