{"id":42,"date":"2017-03-13T16:17:11","date_gmt":"2017-03-13T15:17:11","guid":{"rendered":"http:\/\/91.239.67.114\/?page_id=42"},"modified":"2025-10-13T17:25:27","modified_gmt":"2025-10-13T15:25:27","slug":"oplaty","status":"publish","type":"page","link":"https:\/\/przedszkole182-krakow.edu.pl\/?page_id=42","title":{"rendered":"Op\u0142ata za przedszkole"},"content":{"rendered":"<h1><span style=\"color: #ff0000;\"><strong>Op\u0142ata za przedszkole sk\u0142ada si\u0119 z:<\/strong><\/span><\/h1>\n<h3><span style=\"color: red;\">1. Op\u0142aty sta\u0142ej<br \/>\n<\/span><\/h3>\n<h4><strong>Przedszkole prowadzone przez Gmin\u0119 Miejsk\u0105 Krak\u00f3w zapewnia nauczanie, wychowanie i opiek\u0119 w wymiarze 5 godzin dziennie. W Samorz\u0105dowym Przedszkolu nr 182\u00a0 realizowane jest to od godz. 8.00 do godz. 13.00. Za ka\u017cd\u0105 dodatkow\u0105 godzin\u0119 korzystania przez dziecko do lat 5 ze \u015bwiadcze\u0144 przedszkola ustala si\u0119 op\u0142at\u0119 w wysoko\u015bci 1,44 z\u0142, dla dzieci z rodzin 3+ i Rodzin N op\u0142ata wynosi 50% w\/w stawki.<\/strong><\/h4>\n<p><strong>Do pobrania: <\/strong><a href=\"https:\/\/przedszkole182-krakow.edu.pl\/wp-content\/uploads\/2024\/08\/uchwala.pdf\" target=\"_blank\" rel=\"noopener\">Uchwa\u0142a &#8211; zmiana wysoko\u015bci op\u0142at za korzystanie z wychowania przedszkolnego<\/a><\/p>\n<h3><span style=\"color: #ff0000;\">2. Op\u0142aty za \u017cywienie<\/span><\/h3>\n<p><strong>Dzia\u0142aj\u0105c na podstawie:\u00a0\u00a0\u00a0\u00a0art. 106 ust. 3 z dnia 14 grudnia 2016 r. Prawo o\u015bwiatowe (Dz. U. z 2021 poz. <\/strong><strong>1082<\/strong><strong> z p\u00f3\u017an. zm.) w porozumieniu z organem prowadz\u0105cym, ustala si\u0119 od\u00a0<span style=\"color: #ff0000;\">1.08.2023 r.<\/span>\u00a0nast\u0119puj\u0105ce stawki \u017cywieniowe dla dzieci:<\/strong><\/p>\n<p><strong>3 posi\u0142ki \u2013\u00a0 12,00 z\u0142<\/strong><\/p>\n<p><strong>2 posi\u0142ki o+p \u2013 8,40z\u0142<\/strong><\/p>\n<p><strong>1 posi\u0142ek obiad \u2013 6,00 z\u0142<\/strong><\/p>\n<p><strong>2 posi\u0142ki \u015bn.+ob. \u2013\u00a0 9,60 z\u0142<\/strong><\/p>\n<hr \/>\n<h1><\/h1>\n<h1 style=\"text-align: center;\"><span style=\"color: #0000ff;\"><strong>SZANOWNI\u00a0 RODZICE<\/strong><\/span><\/h1>\n<p>Wp\u0142aty za pobyt dziecka w przedszkolu i \u017cywienie nale\u017cy uiszcza\u0107 do <span style=\"color: #ff0000;\"><strong>14-go ka\u017cdego miesi\u0105ca.<\/strong><\/span><\/p>\n<p><strong><u>Na dowodach wp\u0142aty zawsze wpisujemy: miesi\u0105c, za kt\u00f3ry wp\u0142acamy, imi\u0119 i nazwisko dziecka.<\/u><\/strong><\/p>\n<p><strong><u>Op\u0142at\u0119 za rodze\u0144stwa prosz\u0119 dokonywa\u0107 osobno (w przysz\u0142o\u015bci ka\u017cde dziecko b\u0119dzie mia\u0142o swoje subkonto w plac\u00f3wce).<\/u><\/strong><\/p>\n<p>W nazwie odbiorcy nale\u017cy wpisa\u0107:<\/p>\n<p><span style=\"color: #ff0000;\"><strong><u>SAMORZ\u0104DOWE PRZEDSZKOLE NR 182<\/u><\/strong><\/span><\/p>\n<p><strong><u>NR KONTA:\u00a0 INDYWIDUALNY<\/u><\/strong><\/p>\n<p><span style=\"color: #ff0000;\"><strong>Prosz\u0119 wp\u0142aca\u0107 podane kwoty \u2013 nie zaokr\u0105gla\u0107 !!!<\/strong><\/span><\/p>\n<p style=\"text-align: right;\"><span style=\"color: #00ff00;\"><strong>Dzi\u0119kuj\u0119 za terminowe dokonywanie wp\u0142at \ud83d\ude42<\/strong><\/span><\/p>\n<h2 style=\"text-align: center;\"><span style=\"color: #ff00ff;\">*************************************<\/span><\/h2>\n<hr \/>\n<h1><\/h1>\n<h1 style=\"text-align: center;\"><strong><span style=\"color: #ff0000;\"><a style=\"color: #ff0000;\" href=\"http:\/\/188.116.11.47\/~p182\/wp-content\/uploads\/2018\/06\/inf.-dla-rodzic%C3%B3w-op%C5%82aty-za-przedszkola.pdf\">Informacja dla rodzic\u00f3w \/ prawnych opiekun\u00f3w dzieci dotycz\u0105ca op\u0142at za przedszkole<\/a><\/span><\/strong><\/h1>\n","protected":false},"excerpt":{"rendered":"<p>Op\u0142ata za przedszkole sk\u0142ada si\u0119 z: 1. Op\u0142aty sta\u0142ej Przedszkole prowadzone przez Gmin\u0119 Miejsk\u0105 Krak\u00f3w zapewnia nauczanie, wychowanie i opiek\u0119 w wymiarze 5 godzin dziennie. W Samorz\u0105dowym Przedszkolu nr 182\u00a0 realizowane jest to od godz. 8.00 do godz. 13.00. Za ka\u017cd\u0105 dodatkow\u0105 godzin\u0119 korzystania przez dziecko do lat 5 ze \u015bwiadcze\u0144 przedszkola ustala si\u0119 op\u0142at\u0119 [&hellip;]<\/p>\n","protected":false},"author":1,"featured_media":0,"parent":0,"menu_order":0,"comment_status":"closed","ping_status":"closed","template":"","meta":{"footnotes":""},"class_list":["post-42","page","type-page","status-publish","hentry"],"_links":{"self":[{"href":"https:\/\/przedszkole182-krakow.edu.pl\/index.php?rest_route=\/wp\/v2\/pages\/42","targetHints":{"allow":["GET"]}}],"collection":[{"href":"https:\/\/przedszkole182-krakow.edu.pl\/index.php?rest_route=\/wp\/v2\/pages"}],"about":[{"href":"https:\/\/przedszkole182-krakow.edu.pl\/index.php?rest_route=\/wp\/v2\/types\/page"}],"author":[{"embeddable":true,"href":"https:\/\/przedszkole182-krakow.edu.pl\/index.php?rest_route=\/wp\/v2\/users\/1"}],"replies":[{"embeddable":true,"href":"https:\/\/przedszkole182-krakow.edu.pl\/index.php?rest_route=%2Fwp%2Fv2%2Fcomments&post=42"}],"version-history":[{"count":37,"href":"https:\/\/przedszkole182-krakow.edu.pl\/index.php?rest_route=\/wp\/v2\/pages\/42\/revisions"}],"predecessor-version":[{"id":10891,"href":"https:\/\/przedszkole182-krakow.edu.pl\/index.php?rest_route=\/wp\/v2\/pages\/42\/revisions\/10891"}],"wp:attachment":[{"href":"https:\/\/przedszkole182-krakow.edu.pl\/index.php?rest_route=%2Fwp%2Fv2%2Fmedia&parent=42"}],"curies":[{"name":"wp","href":"https:\/\/api.w.org\/{rel}","templated":true}]}}

Opłata za przedszkole

<h1><span style="color: #ff0000;"><strong>Opłata za przedszkole składa się z:</strong></span></h1>
<h3><span style="color: red;">1. Opłaty stałej<br />
</span></h3>
<h4><strong>Przedszkole prowadzone przez Gminę Miejską Kraków zapewnia nauczanie, wychowanie i opiekę w wymiarze 5 godzin dziennie. W Samorządowym Przedszkolu nr 182  realizowane jest to od godz. 8.00 do godz. 13.00. Za każdą dodatkową godzinę korzystania przez dziecko do lat 5 ze świadczeń przedszkola ustala się opłatę w wysokości 1,44 zł, dla dzieci z rodzin 3+ i Rodzin N opłata wynosi 50% w/w stawki.</strong></h4>
<p><strong>Do pobrania: </strong><a href="https://przedszkole182-krakow.edu.pl/wp-content/uploads/2024/08/uchwala.pdf" target="_blank" rel="noopener">Uchwała &#8211; zmiana wysokości opłat za korzystanie z wychowania przedszkolnego</a></p>
<h3><span style="color: #ff0000;">2. Opłaty za żywienie</span></h3>
<p><strong>Działając na podstawie:    art. 106 ust. 3 z dnia 14 grudnia 2016 r. Prawo oświatowe (Dz. U. z 2021 poz. </strong><strong>1082</strong><strong> z późn. zm.) w porozumieniu z organem prowadzącym, ustala się od <span style="color: #ff0000;">1.08.2023 r.</span> następujące stawki żywieniowe dla dzieci:</strong></p>
<p><strong>3 posiłki –  12,00 zł</strong></p>
<p><strong>2 posiłki o+p – 8,40zł</strong></p>
<p><strong>1 posiłek obiad – 6,00 zł</strong></p>
<p><strong>2 posiłki śn.+ob. –  9,60 zł</strong></p>
<hr />
<h1></h1>
<h1 style="text-align: center;"><span style="color: #0000ff;"><strong>SZANOWNI  RODZICE</strong></span></h1>
<p>Wpłaty za pobyt dziecka w przedszkolu i żywienie należy uiszczać do <span style="color: #ff0000;"><strong>14-go każdego miesiąca.</strong></span></p>
<p><strong><u>Na dowodach wpłaty zawsze wpisujemy: miesiąc, za który wpłacamy, imię i nazwisko dziecka.</u></strong></p>
<p><strong><u>Opłatę za rodzeństwa proszę dokonywać osobno (w przyszłości każde dziecko będzie miało swoje subkonto w placówce).</u></strong></p>
<p>W nazwie odbiorcy należy wpisać:</p>
<p><span style="color: #ff0000;"><strong><u>SAMORZĄDOWE PRZEDSZKOLE NR 182</u></strong></span></p>
<p><strong><u>NR KONTA:  INDYWIDUALNY</u></strong></p>
<p><span style="color: #ff0000;"><strong>Proszę wpłacać podane kwoty – nie zaokrąglać !!!</strong></span></p>
<p style="text-align: right;"><span style="color: #00ff00;"><strong>Dziękuję za terminowe dokonywanie wpłat 🙂</strong></span></p>
<h2 style="text-align: center;"><span style="color: #ff00ff;">*************************************</span></h2>
<hr />
<h1></h1>
<h1 style="text-align: center;"><strong><span style="color: #ff0000;"><a style="color: #ff0000;" href="http://188.116.11.47/~p182/wp-content/uploads/2018/06/inf.-dla-rodzic%C3%B3w-op%C5%82aty-za-przedszkola.pdf">Informacja dla rodziców / prawnych opiekunów dzieci dotycząca opłat za przedszkole</a></span></strong></h1>

<p>Opłata za przedszkole składa się z: 1. Opłaty stałej Przedszkole prowadzone przez Gminę Miejską Kraków zapewnia nauczanie, wychowanie i opiekę w wymiarze 5 godzin dziennie. W Samorządowym Przedszkolu nr 182  realizowane jest to od godz. 8.00 do godz. 13.00. Za każdą dodatkową godzinę korzystania przez dziecko do lat 5 ze świadczeń przedszkola ustala się opłatę [&hellip;]</p>
