{"id":67,"date":"2017-03-16T17:14:02","date_gmt":"2017-03-16T16:14:02","guid":{"rendered":"http:\/\/188.116.11.47\/~p182\/?page_id=67"},"modified":"2026-04-09T16:05:30","modified_gmt":"2026-04-09T14:05:30","slug":"prawo","status":"publish","type":"page","link":"https:\/\/przedszkole182-krakow.edu.pl\/?page_id=67","title":{"rendered":"Prawo"},"content":{"rendered":"<h1><strong>Akty prawne:<\/strong><\/h1>\n<\/p>\n\n\n<div class=\"wp-block-file\"><a id=\"wp-block-file--media-acce85c6-0baa-4145-b71a-c122c5340bd3\" href=\"https:\/\/przedszkole182-krakow.edu.pl\/wp-content\/uploads\/2024\/10\/WYKAZ-PROGRAMOW-WYCHOWANIA-PRZEDSZKOLNEGO-NA-ROK-SZKOLNY-2024-25.docx\">WYKAZ-PROGRAMOW-WYCHOWANIA-PRZEDSZKOLNEGO-NA-ROK-SZKOLNY-2024-25<\/a><a href=\"https:\/\/przedszkole182-krakow.edu.pl\/wp-content\/uploads\/2024\/10\/WYKAZ-PROGRAMOW-WYCHOWANIA-PRZEDSZKOLNEGO-NA-ROK-SZKOLNY-2024-25.docx\" class=\"wp-block-file__button wp-element-button\" download aria-describedby=\"wp-block-file--media-acce85c6-0baa-4145-b71a-c122c5340bd3\">Pobierz<\/a><\/div>\n\n\n\n<div class=\"wp-block-file\"><a id=\"wp-block-file--media-d88be3a9-ab10-4721-aa91-78ae7d67c6a8\" href=\"https:\/\/przedszkole182-krakow.edu.pl\/wp-content\/uploads\/2024\/11\/Procedura-postepowania-z-dzieckiem-sprawiajacym-trudnosci-wychowawcze-i-przejawiajacym-agresje.docx\">Procedura-postepowania-z-dzieckiem-sprawiajacym-trudnosci-wychowawcze-i-przejawiajacym-agresje<\/a><a href=\"https:\/\/przedszkole182-krakow.edu.pl\/wp-content\/uploads\/2024\/11\/Procedura-postepowania-z-dzieckiem-sprawiajacym-trudnosci-wychowawcze-i-przejawiajacym-agresje.docx\" class=\"wp-block-file__button wp-element-button\" download aria-describedby=\"wp-block-file--media-d88be3a9-ab10-4721-aa91-78ae7d67c6a8\">Pobierz<\/a><\/div>\n\n\n\n<div class=\"wp-block-file\"><a id=\"wp-block-file--media-e5e57df5-0b8d-4114-ad4f-ea5f686d484d\" href=\"https:\/\/przedszkole182-krakow.edu.pl\/wp-content\/uploads\/2024\/10\/Zarzadzenie-o-mobbingu.pdf\"><strong>ZARZ\u0104DZENIE NR 2411\/2024 PREZYDENTA MIASTA KRAKOWA Z DNIA 12 wrze\u015bnia 2024r. w sprawie wprowadzenia Polityki przeciwdzia\u0142ania mobbingowi i dyskryminacji w jednostkach organizacyjnych Gminy Miejskiej Krak\u00f3w<\/strong><\/a><a href=\"https:\/\/przedszkole182-krakow.edu.pl\/wp-content\/uploads\/2024\/10\/Zarzadzenie-o-mobbingu.pdf\" class=\"wp-block-file__button wp-element-button\" download aria-describedby=\"wp-block-file--media-e5e57df5-0b8d-4114-ad4f-ea5f686d484d\">Pobierz<\/a><\/div>\n\n\n\n<div class=\"wp-block-file\"><a id=\"wp-block-file--media-8ef47b88-231b-4edb-a787-592b68f53509\" href=\"https:\/\/przedszkole182-krakow.edu.pl\/wp-content\/uploads\/2024\/10\/Standardy-dla-dzieci-4.docx\">Standardy-dla-dzieci-4<\/a><a href=\"https:\/\/przedszkole182-krakow.edu.pl\/wp-content\/uploads\/2024\/10\/Standardy-dla-dzieci-4.docx\" class=\"wp-block-file__button wp-element-button\" download aria-describedby=\"wp-block-file--media-8ef47b88-231b-4edb-a787-592b68f53509\">Pobierz<\/a><\/div>\n\n\n\n<div class=\"wp-block-file\"><a id=\"wp-block-file--media-ada13a01-9de6-4839-b097-ce4ec48dad8a\" href=\"https:\/\/przedszkole182-krakow.edu.pl\/wp-content\/uploads\/2024\/10\/Standardy-Ochrony-Maloletnich-Samorzadowe-Przedszkole-nr-182.docx\"><strong>Standardy-Ochrony-Maloletnich-Samorzadowe-Przedszkole-nr-182<\/strong><\/a><a href=\"https:\/\/przedszkole182-krakow.edu.pl\/wp-content\/uploads\/2024\/10\/Standardy-Ochrony-Maloletnich-Samorzadowe-Przedszkole-nr-182.docx\" class=\"wp-block-file__button wp-element-button\" download aria-describedby=\"wp-block-file--media-ada13a01-9de6-4839-b097-ce4ec48dad8a\">Pobierz<\/a><\/div>\n\n\n\n<div class=\"wp-block-file\"><a id=\"wp-block-file--media-f507feb7-1491-4625-87ab-1442ea5ef653\" href=\"https:\/\/przedszkole182-krakow.edu.pl\/wp-content\/uploads\/2026\/04\/Zalacznik-nr-3-Oswiadczenie-o-niekaralnosci.docx\">Zalacznik-nr-3-Oswiadczenie-o-niekaralnosci<\/a><a href=\"https:\/\/przedszkole182-krakow.edu.pl\/wp-content\/uploads\/2026\/04\/Zalacznik-nr-3-Oswiadczenie-o-niekaralnosci.docx\" class=\"wp-block-file__button wp-element-button\" download aria-describedby=\"wp-block-file--media-f507feb7-1491-4625-87ab-1442ea5ef653\">Pobierz<\/a><\/div>\n\n\n\n<div class=\"wp-block-file\"><a id=\"wp-block-file--media-5db3580c-58ce-4ae4-902a-df734fe454df\" href=\"https:\/\/przedszkole182-krakow.edu.pl\/wp-content\/uploads\/2024\/11\/zalacznik-nr-2-do-standardow-P182.docx\">zalacznik-nr-2-do-standardow-P182<\/a><a href=\"https:\/\/przedszkole182-krakow.edu.pl\/wp-content\/uploads\/2024\/11\/zalacznik-nr-2-do-standardow-P182.docx\" class=\"wp-block-file__button wp-element-button\" download aria-describedby=\"wp-block-file--media-5db3580c-58ce-4ae4-902a-df734fe454df\">Pobierz<\/a><\/div>\n\n\n\n<div class=\"wp-block-file\"><a id=\"wp-block-file--media-f4c920c2-7b34-410d-af80-f14964f41060\" href=\"https:\/\/przedszkole182-krakow.edu.pl\/wp-content\/uploads\/2024\/10\/zalacznik-nr-1-do-standardow.docx\">zalacznik-nr-1-do-standardow<\/a><a href=\"https:\/\/przedszkole182-krakow.edu.pl\/wp-content\/uploads\/2024\/10\/zalacznik-nr-1-do-standardow.docx\" class=\"wp-block-file__button wp-element-button\" download aria-describedby=\"wp-block-file--media-f4c920c2-7b34-410d-af80-f14964f41060\">Pobierz<\/a><\/div>\n\n\n\n<div class=\"wp-block-file\"><a id=\"wp-block-file--media-b93a5b21-3497-4b2b-8d2d-63533ac34880\" href=\"https:\/\/przedszkole182-krakow.edu.pl\/wp-content\/uploads\/2025\/11\/Statut-182-28.10.2025r-1.doc\" target=\"_blank\" rel=\"noreferrer noopener\"><strong>Statut-182 &#8211; 28.10.2025<\/strong>r.<\/a><a href=\"https:\/\/przedszkole182-krakow.edu.pl\/wp-content\/uploads\/2025\/11\/Statut-182-28.10.2025r-1.doc\" class=\"wp-block-file__button wp-element-button\" download aria-describedby=\"wp-block-file--media-b93a5b21-3497-4b2b-8d2d-63533ac34880\">Pobierz<\/a><\/div>\n\n\n\n<div class=\"wp-block-file\"><a id=\"wp-block-file--media-1adca1f2-ff17-41c0-9636-432804915cd6\" href=\"http:\/\/przedszkole182-krakow.edu.pl\/wp-content\/uploads\/2020\/04\/Uchwa\u0142a-RMK-w-sprawie-okre\u015blenia-kryteri\u00f3w-naboru-do-samorz\u0105dowych-przedszkoli-na-drugim-etapie-postepowania-rekrutacyjnego-oraz-dokument\u00f3w-niezbednych-do-potwierdzeania-tych-kryteri\u00f3w.pdf\"><strong>Uchwa\u0142a RMK w sprawie okre\u015blenia kryteri\u00f3w naboru do samorz\u0105dowych przedszkoli na drugim etapie post\u0119powania rekrutacyjnego oraz dokument\u00f3w niezb\u0119dnych do potwierdzenia tych kryteri\u00f3w<\/strong><\/a><a href=\"http:\/\/przedszkole182-krakow.edu.pl\/wp-content\/uploads\/2020\/04\/Uchwa\u0142a-RMK-w-sprawie-okre\u015blenia-kryteri\u00f3w-naboru-do-samorz\u0105dowych-przedszkoli-na-drugim-etapie-postepowania-rekrutacyjnego-oraz-dokument\u00f3w-niezbednych-do-potwierdzeania-tych-kryteri\u00f3w.pdf\" class=\"wp-block-file__button wp-element-button\" download aria-describedby=\"wp-block-file--media-1adca1f2-ff17-41c0-9636-432804915cd6\">Pobierz<\/a><\/div>\n\n\n\n<div class=\"wp-block-file\"><a id=\"wp-block-file--media-b2272792-3757-4f41-bb67-4e918a47536e\" href=\"http:\/\/przedszkole182-krakow.edu.pl\/wp-content\/uploads\/2020\/04\/Uchwa\u0142a-RMK-z-09.10.2019r..pdf\"><strong>Uchwa\u0142a-RMK-z-09.10.2019r.<\/strong><\/a><a href=\"http:\/\/przedszkole182-krakow.edu.pl\/wp-content\/uploads\/2020\/04\/Uchwa\u0142a-RMK-z-09.10.2019r..pdf\" class=\"wp-block-file__button wp-element-button\" download aria-describedby=\"wp-block-file--media-b2272792-3757-4f41-bb67-4e918a47536e\">Pobierz<\/a><\/div>\n\n\n\n<div class=\"wp-block-file\"><a id=\"wp-block-file--media-94fdeca3-8af3-4c45-9001-b6ac846a457f\" href=\"http:\/\/przedszkole182-krakow.edu.pl\/wp-content\/uploads\/2020\/04\/UCHWA\u0141A-w-sprawieokreslenia-wysoko\u015bci-op\u0142at-za-korzystanie-z-wychowania-przedszkolnego-uczni\u00f3w-objetych-wychowaniem-przedszkolnym-w-przedszkolach-prowadzonych-przez-GMK-korzystania.pdf\"><strong>UCHWA\u0141A w sprawie okre\u015blenia wysoko\u015bci op\u0142at za korzystanie z wychowania przedszkolnego uczni\u00f3w obj\u0119tych wychowaniem przedszkolnym w przedszkolach prowadzonych przez GMK<\/strong><\/a><a href=\"http:\/\/przedszkole182-krakow.edu.pl\/wp-content\/uploads\/2020\/04\/UCHWA\u0141A-w-sprawieokreslenia-wysoko\u015bci-op\u0142at-za-korzystanie-z-wychowania-przedszkolnego-uczni\u00f3w-objetych-wychowaniem-przedszkolnym-w-przedszkolach-prowadzonych-przez-GMK-korzystania.pdf\" class=\"wp-block-file__button wp-element-button\" download aria-describedby=\"wp-block-file--media-94fdeca3-8af3-4c45-9001-b6ac846a457f\">Pobierz<\/a><\/div>\n\n\n\n<div class=\"wp-block-file\"><a id=\"wp-block-file--media-c2b73bbe-c344-4f97-9f23-3467c87ca8a8\" href=\"https:\/\/przedszkole182-krakow.edu.pl\/wp-content\/uploads\/2019\/05\/PROCEDURY-1.pdf\" target=\"_blank\" rel=\"noreferrer noopener\"><strong>PROCEDURY ZAPEWNIENIA BEZPIECZNEGO POBYTU DZIECKA W SAMORZ\u0104DOWYM PRZEDSZKOLU NR 182<\/strong><\/a><a href=\"https:\/\/przedszkole182-krakow.edu.pl\/wp-content\/uploads\/2019\/05\/PROCEDURY-1.pdf\" class=\"wp-block-file__button wp-element-button\" download aria-describedby=\"wp-block-file--media-c2b73bbe-c344-4f97-9f23-3467c87ca8a8\">Pobierz<\/a><\/div>\n\n\n\n<p><strong> <a href=\"http:\/\/188.116.11.47\/~p182\/?page_id=72\">Wynajem<\/a> <\/strong><\/p>\n","protected":false},"excerpt":{"rendered":"<p>Akty prawne: Wynajem<\/p>\n","protected":false},"author":1,"featured_media":0,"parent":0,"menu_order":0,"comment_status":"closed","ping_status":"closed","template":"","meta":{"footnotes":""},"class_list":["post-67","page","type-page","status-publish","hentry"],"_links":{"self":[{"href":"https:\/\/przedszkole182-krakow.edu.pl\/index.php?rest_route=\/wp\/v2\/pages\/67","targetHints":{"allow":["GET"]}}],"collection":[{"href":"https:\/\/przedszkole182-krakow.edu.pl\/index.php?rest_route=\/wp\/v2\/pages"}],"about":[{"href":"https:\/\/przedszkole182-krakow.edu.pl\/index.php?rest_route=\/wp\/v2\/types\/page"}],"author":[{"embeddable":true,"href":"https:\/\/przedszkole182-krakow.edu.pl\/index.php?rest_route=\/wp\/v2\/users\/1"}],"replies":[{"embeddable":true,"href":"https:\/\/przedszkole182-krakow.edu.pl\/index.php?rest_route=%2Fwp%2Fv2%2Fcomments&post=67"}],"version-history":[{"count":30,"href":"https:\/\/przedszkole182-krakow.edu.pl\/index.php?rest_route=\/wp\/v2\/pages\/67\/revisions"}],"predecessor-version":[{"id":12570,"href":"https:\/\/przedszkole182-krakow.edu.pl\/index.php?rest_route=\/wp\/v2\/pages\/67\/revisions\/12570"}],"wp:attachment":[{"href":"https:\/\/przedszkole182-krakow.edu.pl\/index.php?rest_route=%2Fwp%2Fv2%2Fmedia&parent=67"}],"curies":[{"name":"wp","href":"https:\/\/api.w.org\/{rel}","templated":true}]}}

<h1><strong>Akty prawne:</strong></h1>
</p>


<div class="wp-block-file"><a id="wp-block-file--media-acce85c6-0baa-4145-b71a-c122c5340bd3" href="https://przedszkole182-krakow.edu.pl/wp-content/uploads/2024/10/WYKAZ-PROGRAMOW-WYCHOWANIA-PRZEDSZKOLNEGO-NA-ROK-SZKOLNY-2024-25.docx">WYKAZ-PROGRAMOW-WYCHOWANIA-PRZEDSZKOLNEGO-NA-ROK-SZKOLNY-2024-25</a><a href="https://przedszkole182-krakow.edu.pl/wp-content/uploads/2024/10/WYKAZ-PROGRAMOW-WYCHOWANIA-PRZEDSZKOLNEGO-NA-ROK-SZKOLNY-2024-25.docx" class="wp-block-file__button wp-element-button" download aria-describedby="wp-block-file--media-acce85c6-0baa-4145-b71a-c122c5340bd3">Pobierz</a></div>



<div class="wp-block-file"><a id="wp-block-file--media-d88be3a9-ab10-4721-aa91-78ae7d67c6a8" href="https://przedszkole182-krakow.edu.pl/wp-content/uploads/2024/11/Procedura-postepowania-z-dzieckiem-sprawiajacym-trudnosci-wychowawcze-i-przejawiajacym-agresje.docx">Procedura-postepowania-z-dzieckiem-sprawiajacym-trudnosci-wychowawcze-i-przejawiajacym-agresje</a><a href="https://przedszkole182-krakow.edu.pl/wp-content/uploads/2024/11/Procedura-postepowania-z-dzieckiem-sprawiajacym-trudnosci-wychowawcze-i-przejawiajacym-agresje.docx" class="wp-block-file__button wp-element-button" download aria-describedby="wp-block-file--media-d88be3a9-ab10-4721-aa91-78ae7d67c6a8">Pobierz</a></div>



<div class="wp-block-file"><a id="wp-block-file--media-e5e57df5-0b8d-4114-ad4f-ea5f686d484d" href="https://przedszkole182-krakow.edu.pl/wp-content/uploads/2024/10/Zarzadzenie-o-mobbingu.pdf"><strong>ZARZĄDZENIE NR 2411/2024 PREZYDENTA MIASTA KRAKOWA Z DNIA 12 września 2024r. w sprawie wprowadzenia Polityki przeciwdziałania mobbingowi i dyskryminacji w jednostkach organizacyjnych Gminy Miejskiej Kraków</strong></a><a href="https://przedszkole182-krakow.edu.pl/wp-content/uploads/2024/10/Zarzadzenie-o-mobbingu.pdf" class="wp-block-file__button wp-element-button" download aria-describedby="wp-block-file--media-e5e57df5-0b8d-4114-ad4f-ea5f686d484d">Pobierz</a></div>



<div class="wp-block-file"><a id="wp-block-file--media-8ef47b88-231b-4edb-a787-592b68f53509" href="https://przedszkole182-krakow.edu.pl/wp-content/uploads/2024/10/Standardy-dla-dzieci-4.docx">Standardy-dla-dzieci-4</a><a href="https://przedszkole182-krakow.edu.pl/wp-content/uploads/2024/10/Standardy-dla-dzieci-4.docx" class="wp-block-file__button wp-element-button" download aria-describedby="wp-block-file--media-8ef47b88-231b-4edb-a787-592b68f53509">Pobierz</a></div>



<div class="wp-block-file"><a id="wp-block-file--media-ada13a01-9de6-4839-b097-ce4ec48dad8a" href="https://przedszkole182-krakow.edu.pl/wp-content/uploads/2024/10/Standardy-Ochrony-Maloletnich-Samorzadowe-Przedszkole-nr-182.docx"><strong>Standardy-Ochrony-Maloletnich-Samorzadowe-Przedszkole-nr-182</strong></a><a href="https://przedszkole182-krakow.edu.pl/wp-content/uploads/2024/10/Standardy-Ochrony-Maloletnich-Samorzadowe-Przedszkole-nr-182.docx" class="wp-block-file__button wp-element-button" download aria-describedby="wp-block-file--media-ada13a01-9de6-4839-b097-ce4ec48dad8a">Pobierz</a></div>



<div class="wp-block-file"><a id="wp-block-file--media-f507feb7-1491-4625-87ab-1442ea5ef653" href="https://przedszkole182-krakow.edu.pl/wp-content/uploads/2026/04/Zalacznik-nr-3-Oswiadczenie-o-niekaralnosci.docx">Zalacznik-nr-3-Oswiadczenie-o-niekaralnosci</a><a href="https://przedszkole182-krakow.edu.pl/wp-content/uploads/2026/04/Zalacznik-nr-3-Oswiadczenie-o-niekaralnosci.docx" class="wp-block-file__button wp-element-button" download aria-describedby="wp-block-file--media-f507feb7-1491-4625-87ab-1442ea5ef653">Pobierz</a></div>



<div class="wp-block-file"><a id="wp-block-file--media-5db3580c-58ce-4ae4-902a-df734fe454df" href="https://przedszkole182-krakow.edu.pl/wp-content/uploads/2024/11/zalacznik-nr-2-do-standardow-P182.docx">zalacznik-nr-2-do-standardow-P182</a><a href="https://przedszkole182-krakow.edu.pl/wp-content/uploads/2024/11/zalacznik-nr-2-do-standardow-P182.docx" class="wp-block-file__button wp-element-button" download aria-describedby="wp-block-file--media-5db3580c-58ce-4ae4-902a-df734fe454df">Pobierz</a></div>



<div class="wp-block-file"><a id="wp-block-file--media-f4c920c2-7b34-410d-af80-f14964f41060" href="https://przedszkole182-krakow.edu.pl/wp-content/uploads/2024/10/zalacznik-nr-1-do-standardow.docx">zalacznik-nr-1-do-standardow</a><a href="https://przedszkole182-krakow.edu.pl/wp-content/uploads/2024/10/zalacznik-nr-1-do-standardow.docx" class="wp-block-file__button wp-element-button" download aria-describedby="wp-block-file--media-f4c920c2-7b34-410d-af80-f14964f41060">Pobierz</a></div>



<div class="wp-block-file"><a id="wp-block-file--media-b93a5b21-3497-4b2b-8d2d-63533ac34880" href="https://przedszkole182-krakow.edu.pl/wp-content/uploads/2025/11/Statut-182-28.10.2025r-1.doc" target="_blank" rel="noreferrer noopener"><strong>Statut-182 &#8211; 28.10.2025</strong>r.</a><a href="https://przedszkole182-krakow.edu.pl/wp-content/uploads/2025/11/Statut-182-28.10.2025r-1.doc" class="wp-block-file__button wp-element-button" download aria-describedby="wp-block-file--media-b93a5b21-3497-4b2b-8d2d-63533ac34880">Pobierz</a></div>



<div class="wp-block-file"><a id="wp-block-file--media-1adca1f2-ff17-41c0-9636-432804915cd6" href="http://przedszkole182-krakow.edu.pl/wp-content/uploads/2020/04/Uchwała-RMK-w-sprawie-określenia-kryteriów-naboru-do-samorządowych-przedszkoli-na-drugim-etapie-postepowania-rekrutacyjnego-oraz-dokumentów-niezbednych-do-potwierdzeania-tych-kryteriów.pdf"><strong>Uchwała RMK w sprawie określenia kryteriów naboru do samorządowych przedszkoli na drugim etapie postępowania rekrutacyjnego oraz dokumentów niezbędnych do potwierdzenia tych kryteriów</strong></a><a href="http://przedszkole182-krakow.edu.pl/wp-content/uploads/2020/04/Uchwała-RMK-w-sprawie-określenia-kryteriów-naboru-do-samorządowych-przedszkoli-na-drugim-etapie-postepowania-rekrutacyjnego-oraz-dokumentów-niezbednych-do-potwierdzeania-tych-kryteriów.pdf" class="wp-block-file__button wp-element-button" download aria-describedby="wp-block-file--media-1adca1f2-ff17-41c0-9636-432804915cd6">Pobierz</a></div>



<div class="wp-block-file"><a id="wp-block-file--media-b2272792-3757-4f41-bb67-4e918a47536e" href="http://przedszkole182-krakow.edu.pl/wp-content/uploads/2020/04/Uchwała-RMK-z-09.10.2019r..pdf"><strong>Uchwała-RMK-z-09.10.2019r.</strong></a><a href="http://przedszkole182-krakow.edu.pl/wp-content/uploads/2020/04/Uchwała-RMK-z-09.10.2019r..pdf" class="wp-block-file__button wp-element-button" download aria-describedby="wp-block-file--media-b2272792-3757-4f41-bb67-4e918a47536e">Pobierz</a></div>



<div class="wp-block-file"><a id="wp-block-file--media-94fdeca3-8af3-4c45-9001-b6ac846a457f" href="http://przedszkole182-krakow.edu.pl/wp-content/uploads/2020/04/UCHWAŁA-w-sprawieokreslenia-wysokości-opłat-za-korzystanie-z-wychowania-przedszkolnego-uczniów-objetych-wychowaniem-przedszkolnym-w-przedszkolach-prowadzonych-przez-GMK-korzystania.pdf"><strong>UCHWAŁA w sprawie określenia wysokości opłat za korzystanie z wychowania przedszkolnego uczniów objętych wychowaniem przedszkolnym w przedszkolach prowadzonych przez GMK</strong></a><a href="http://przedszkole182-krakow.edu.pl/wp-content/uploads/2020/04/UCHWAŁA-w-sprawieokreslenia-wysokości-opłat-za-korzystanie-z-wychowania-przedszkolnego-uczniów-objetych-wychowaniem-przedszkolnym-w-przedszkolach-prowadzonych-przez-GMK-korzystania.pdf" class="wp-block-file__button wp-element-button" download aria-describedby="wp-block-file--media-94fdeca3-8af3-4c45-9001-b6ac846a457f">Pobierz</a></div>



<div class="wp-block-file"><a id="wp-block-file--media-c2b73bbe-c344-4f97-9f23-3467c87ca8a8" href="https://przedszkole182-krakow.edu.pl/wp-content/uploads/2019/05/PROCEDURY-1.pdf" target="_blank" rel="noreferrer noopener"><strong>PROCEDURY ZAPEWNIENIA BEZPIECZNEGO POBYTU DZIECKA W SAMORZĄDOWYM PRZEDSZKOLU NR 182</strong></a><a href="https://przedszkole182-krakow.edu.pl/wp-content/uploads/2019/05/PROCEDURY-1.pdf" class="wp-block-file__button wp-element-button" download aria-describedby="wp-block-file--media-c2b73bbe-c344-4f97-9f23-3467c87ca8a8">Pobierz</a></div>



<p><strong> <a href="http://188.116.11.47/~p182/?page_id=72">Wynajem</a> </strong></p>
